{"id":996,"date":"2022-01-09T16:27:09","date_gmt":"2022-01-09T15:27:09","guid":{"rendered":"https:\/\/battleofcolor.com\/?page_id=996"},"modified":"2024-01-01T18:56:01","modified_gmt":"2024-01-01T17:56:01","slug":"evenements","status":"publish","type":"page","link":"https:\/\/battleofcolor.com\/index.php\/evenements\/","title":{"rendered":"\u00c9v\u00e9nements"},"content":{"rendered":"\t\t<div data-elementor-type=\"wp-page\" data-elementor-id=\"996\" class=\"elementor elementor-996\" data-elementor-post-type=\"page\">\n\t\t\t\t<div class=\"elementor-element elementor-element-624e1a6a e-flex e-con-boxed e-con e-parent\" data-id=\"624e1a6a\" data-element_type=\"container\" data-settings=\"{&quot;background_background&quot;:&quot;classic&quot;}\">\n\t\t\t\t\t<div class=\"e-con-inner\">\n\t\t<div class=\"elementor-element elementor-element-526efaa0 e-flex e-con-boxed e-con e-child\" data-id=\"526efaa0\" data-element_type=\"container\">\n\t\t\t\t\t<div class=\"e-con-inner\">\n\t\t\t\t<div class=\"elementor-element elementor-element-6c360999 animated-slow elementor-invisible elementor-widget elementor-widget-heading\" data-id=\"6c360999\" data-element_type=\"widget\" data-settings=\"{&quot;_animation&quot;:&quot;slideInUp&quot;}\" data-widget_type=\"heading.default\">\n\t\t\t\t<div class=\"elementor-widget-container\">\n\t\t\t<style>\/*! elementor - v3.22.0 - 17-06-2024 *\/\n.elementor-heading-title{padding:0;margin:0;line-height:1}.elementor-widget-heading .elementor-heading-title[class*=elementor-size-]>a{color:inherit;font-size:inherit;line-height:inherit}.elementor-widget-heading .elementor-heading-title.elementor-size-small{font-size:15px}.elementor-widget-heading .elementor-heading-title.elementor-size-medium{font-size:19px}.elementor-widget-heading .elementor-heading-title.elementor-size-large{font-size:29px}.elementor-widget-heading .elementor-heading-title.elementor-size-xl{font-size:39px}.elementor-widget-heading .elementor-heading-title.elementor-size-xxl{font-size:59px}<\/style><h2 class=\"elementor-heading-title elementor-size-default\">Toutes nos offres pour les particuliers, associations et entreprises<\/h2>\t\t<\/div>\n\t\t\t\t<\/div>\n\t\t\t\t<div class=\"elementor-element elementor-element-548d453 animated-slow elementor-invisible elementor-widget elementor-widget-heading\" data-id=\"548d453\" data-element_type=\"widget\" data-settings=\"{&quot;_animation&quot;:&quot;slideInUp&quot;}\" data-widget_type=\"heading.default\">\n\t\t\t\t<div class=\"elementor-widget-container\">\n\t\t\t<h2 class=\"elementor-heading-title elementor-size-default\">Animation \u00e9v\u00e9nements<\/h2>\t\t<\/div>\n\t\t\t\t<\/div>\n\t\t\t\t\t<\/div>\n\t\t\t\t<\/div>\n\t\t<div class=\"elementor-element elementor-element-d5c4321 e-con-full e-flex e-con e-child\" data-id=\"d5c4321\" data-element_type=\"container\">\n\t\t<div class=\"elementor-element elementor-element-6d34d541 e-con-full e-flex e-con e-child\" data-id=\"6d34d541\" data-element_type=\"container\">\n\t\t\t\t<div class=\"elementor-element elementor-element-173239f8 elementor-widget elementor-widget-heading\" data-id=\"173239f8\" data-element_type=\"widget\" data-widget_type=\"heading.default\">\n\t\t\t\t<div class=\"elementor-widget-container\">\n\t\t\t<h3 class=\"elementor-heading-title elementor-size-default\">Ev\u00e9n\u00e9ments priv\u00e9s<\/h3>\t\t<\/div>\n\t\t\t\t<\/div>\n\t\t\t\t<div class=\"elementor-element elementor-element-7a16f88c elementor-position-top elementor-widget elementor-widget-image-box\" data-id=\"7a16f88c\" data-element_type=\"widget\" data-widget_type=\"image-box.default\">\n\t\t\t\t<div class=\"elementor-widget-container\">\n\t\t\t<style>\/*! elementor - v3.22.0 - 17-06-2024 *\/\n.elementor-widget-image-box .elementor-image-box-content{width:100%}@media (min-width:768px){.elementor-widget-image-box.elementor-position-left .elementor-image-box-wrapper,.elementor-widget-image-box.elementor-position-right .elementor-image-box-wrapper{display:flex}.elementor-widget-image-box.elementor-position-right .elementor-image-box-wrapper{text-align:end;flex-direction:row-reverse}.elementor-widget-image-box.elementor-position-left .elementor-image-box-wrapper{text-align:start;flex-direction:row}.elementor-widget-image-box.elementor-position-top .elementor-image-box-img{margin:auto}.elementor-widget-image-box.elementor-vertical-align-top .elementor-image-box-wrapper{align-items:flex-start}.elementor-widget-image-box.elementor-vertical-align-middle .elementor-image-box-wrapper{align-items:center}.elementor-widget-image-box.elementor-vertical-align-bottom .elementor-image-box-wrapper{align-items:flex-end}}@media (max-width:767px){.elementor-widget-image-box .elementor-image-box-img{margin-left:auto!important;margin-right:auto!important;margin-bottom:15px}}.elementor-widget-image-box .elementor-image-box-img{display:inline-block}.elementor-widget-image-box .elementor-image-box-title a{color:inherit}.elementor-widget-image-box .elementor-image-box-wrapper{text-align:center}.elementor-widget-image-box .elementor-image-box-description{margin:0}<\/style><div class=\"elementor-image-box-wrapper\"><figure class=\"elementor-image-box-img\"><img fetchpriority=\"high\" decoding=\"async\" width=\"2048\" height=\"1152\" src=\"https:\/\/battleofcolor.com\/wp-content\/uploads\/2022\/01\/Bataille_couleur_etudiants_feteevillage_01-1.jpg\" class=\"attachment-full size-full wp-image-956\" alt=\"\" srcset=\"https:\/\/battleofcolor.com\/wp-content\/uploads\/2022\/01\/Bataille_couleur_etudiants_feteevillage_01-1.jpg 2048w, https:\/\/battleofcolor.com\/wp-content\/uploads\/2022\/01\/Bataille_couleur_etudiants_feteevillage_01-1-300x169.jpg 300w, https:\/\/battleofcolor.com\/wp-content\/uploads\/2022\/01\/Bataille_couleur_etudiants_feteevillage_01-1-1024x576.jpg 1024w, https:\/\/battleofcolor.com\/wp-content\/uploads\/2022\/01\/Bataille_couleur_etudiants_feteevillage_01-1-768x432.jpg 768w, https:\/\/battleofcolor.com\/wp-content\/uploads\/2022\/01\/Bataille_couleur_etudiants_feteevillage_01-1-1536x864.jpg 1536w\" sizes=\"(max-width: 2048px) 100vw, 2048px\" \/><\/figure><div class=\"elementor-image-box-content\"><p class=\"elementor-image-box-description\">Anniversaires, enterrements de vie de c\u00e9libataire, mariages. Nous proposons des tournois avec des armes en mousses avec et sans couleur. <\/p><\/div><\/div>\t\t<\/div>\n\t\t\t\t<\/div>\n\t\t\t\t<\/div>\n\t\t<div class=\"elementor-element elementor-element-1208be41 e-con-full e-flex e-con e-child\" data-id=\"1208be41\" data-element_type=\"container\">\n\t\t\t\t<div class=\"elementor-element elementor-element-7557b771 elementor-widget elementor-widget-heading\" data-id=\"7557b771\" data-element_type=\"widget\" data-widget_type=\"heading.default\">\n\t\t\t\t<div class=\"elementor-widget-container\">\n\t\t\t<h3 class=\"elementor-heading-title elementor-size-default\">Associations<\/h3>\t\t<\/div>\n\t\t\t\t<\/div>\n\t\t\t\t<div class=\"elementor-element elementor-element-5f9cbfed elementor-position-top elementor-widget elementor-widget-image-box\" data-id=\"5f9cbfed\" data-element_type=\"widget\" data-widget_type=\"image-box.default\">\n\t\t\t\t<div class=\"elementor-widget-container\">\n\t\t\t<div class=\"elementor-image-box-wrapper\"><figure class=\"elementor-image-box-img\"><img decoding=\"async\" width=\"2560\" height=\"1920\" src=\"https:\/\/battleofcolor.com\/wp-content\/uploads\/2022\/01\/Animation-fete-village-armes-scaled.jpg\" class=\"attachment-full size-full wp-image-817\" alt=\"\" srcset=\"https:\/\/battleofcolor.com\/wp-content\/uploads\/2022\/01\/Animation-fete-village-armes-scaled.jpg 2560w, https:\/\/battleofcolor.com\/wp-content\/uploads\/2022\/01\/Animation-fete-village-armes-300x225.jpg 300w, https:\/\/battleofcolor.com\/wp-content\/uploads\/2022\/01\/Animation-fete-village-armes-1024x768.jpg 1024w, https:\/\/battleofcolor.com\/wp-content\/uploads\/2022\/01\/Animation-fete-village-armes-768x576.jpg 768w, https:\/\/battleofcolor.com\/wp-content\/uploads\/2022\/01\/Animation-fete-village-armes-1536x1152.jpg 1536w, https:\/\/battleofcolor.com\/wp-content\/uploads\/2022\/01\/Animation-fete-village-armes-2048x1536.jpg 2048w\" sizes=\"(max-width: 2560px) 100vw, 2560px\" \/><\/figure><div class=\"elementor-image-box-content\"><p class=\"elementor-image-box-description\">Nous travaillons aussi avec les associations de parents d'\u00e9l\u00e8ves, sou des \u00e9coles et amicales la\u00efques en louant des stands ou en venant les animer nous-m\u00eames. <\/p><\/div><\/div>\t\t<\/div>\n\t\t\t\t<\/div>\n\t\t\t\t<\/div>\n\t\t<div class=\"elementor-element elementor-element-77efc1e3 e-con-full e-flex e-con e-child\" data-id=\"77efc1e3\" data-element_type=\"container\">\n\t\t\t\t<div class=\"elementor-element elementor-element-7e1522b3 elementor-widget elementor-widget-heading\" data-id=\"7e1522b3\" data-element_type=\"widget\" data-widget_type=\"heading.default\">\n\t\t\t\t<div class=\"elementor-widget-container\">\n\t\t\t<h3 class=\"elementor-heading-title elementor-size-default\">Offres entreprise<\/h3>\t\t<\/div>\n\t\t\t\t<\/div>\n\t\t\t\t<div class=\"elementor-element elementor-element-1e3e1773 elementor-position-top elementor-widget elementor-widget-image-box\" data-id=\"1e3e1773\" data-element_type=\"widget\" data-widget_type=\"image-box.default\">\n\t\t\t\t<div class=\"elementor-widget-container\">\n\t\t\t<div class=\"elementor-image-box-wrapper\"><figure class=\"elementor-image-box-img\"><img decoding=\"async\" width=\"1920\" height=\"1080\" src=\"https:\/\/battleofcolor.com\/wp-content\/uploads\/2024\/01\/vlcsnap-2023-12-31-15h21m26s855.png\" class=\"attachment-full size-full wp-image-1292\" alt=\"\" srcset=\"https:\/\/battleofcolor.com\/wp-content\/uploads\/2024\/01\/vlcsnap-2023-12-31-15h21m26s855.png 1920w, https:\/\/battleofcolor.com\/wp-content\/uploads\/2024\/01\/vlcsnap-2023-12-31-15h21m26s855-300x169.png 300w, https:\/\/battleofcolor.com\/wp-content\/uploads\/2024\/01\/vlcsnap-2023-12-31-15h21m26s855-1024x576.png 1024w, https:\/\/battleofcolor.com\/wp-content\/uploads\/2024\/01\/vlcsnap-2023-12-31-15h21m26s855-768x432.png 768w, https:\/\/battleofcolor.com\/wp-content\/uploads\/2024\/01\/vlcsnap-2023-12-31-15h21m26s855-1536x864.png 1536w\" sizes=\"(max-width: 1920px) 100vw, 1920px\" \/><\/figure><div class=\"elementor-image-box-content\"><p class=\"elementor-image-box-description\">Si vous cherchez une activit\u00e9 sympa pour vos collaborateurs nous proposons des tournois sur mesure ainsi que du light painting. Toutes les infos pour les tournois sont  sur www.team-be.fr<\/p><\/div><\/div>\t\t<\/div>\n\t\t\t\t<\/div>\n\t\t\t\t<\/div>\n\t\t\t\t<\/div>\n\t\t\t\t\t<\/div>\n\t\t\t\t<\/div>\n\t\t<div class=\"elementor-element elementor-element-4e38523d e-flex e-con-boxed e-con e-parent\" data-id=\"4e38523d\" data-element_type=\"container\">\n\t\t\t\t\t<div class=\"e-con-inner\">\n\t\t\t\t<div class=\"elementor-element elementor-element-5d43b16e elementor-widget elementor-widget-text-editor\" data-id=\"5d43b16e\" data-element_type=\"widget\" data-widget_type=\"text-editor.default\">\n\t\t\t\t<div class=\"elementor-widget-container\">\n\t\t\t<style>\/*! elementor - v3.22.0 - 17-06-2024 *\/\n.elementor-widget-text-editor.elementor-drop-cap-view-stacked .elementor-drop-cap{background-color:#69727d;color:#fff}.elementor-widget-text-editor.elementor-drop-cap-view-framed .elementor-drop-cap{color:#69727d;border:3px solid;background-color:transparent}.elementor-widget-text-editor:not(.elementor-drop-cap-view-default) .elementor-drop-cap{margin-top:8px}.elementor-widget-text-editor:not(.elementor-drop-cap-view-default) .elementor-drop-cap-letter{width:1em;height:1em}.elementor-widget-text-editor .elementor-drop-cap{float:left;text-align:center;line-height:1;font-size:50px}.elementor-widget-text-editor .elementor-drop-cap-letter{display:inline-block}<\/style>\t\t\t\t<!-- wp:paragraph -->\n<p>Nous proposons pour tous vos \u00e9v\u00e9nements des prestations d&rsquo;animation ou de location selon vos besoins. <\/p>\n<!-- \/wp:paragraph -->\n\n<!-- wp:paragraph -->\n<p>Deux types de stands sont propos\u00e9s : le stand m\u00e9di\u00e9val et le stand bataille de couleur. <\/p>\n<!-- \/wp:paragraph -->\n\n<!-- wp:paragraph -->\n<p>Les stands sont un ensemble de mat\u00e9riel destin\u00e9s \u00e0 faire de l&rsquo;animation tout public sous forme de tournois en \u00e9quipe ou de grands jeux. <\/p>\n<!-- \/wp:paragraph -->\n\n<!-- wp:paragraph -->\n<p>Stand m\u00e9di\u00e9val : <\/p>\n<!-- \/wp:paragraph -->\n\n<!-- wp:paragraph -->\n<p>Nous fournissons une lice m\u00e9di\u00e9vale compl\u00e8te, 50 \u00e0 100 armes m\u00e9di\u00e9vales en mousse et boucliers, du mat\u00e9riel de jeu, un carnet de jeu pour les locations. <\/p>\n<!-- \/wp:paragraph -->\n\n<!-- wp:paragraph -->\n<p>Stand couleur : <\/p>\n<!-- \/wp:paragraph -->\n\n<!-- wp:paragraph -->\n<p>Nous fournissons une lice d\u00e9cor\u00e9e, 50 \u00e0 100 armes \u00e0 craie color\u00e9e et bouclier, plusieurs kilos de craie color\u00e9e selon vos besoins, du mat\u00e9riel de jeu ainsi qu&rsquo;un carnet de jeu pour les locations. <\/p>\n<!-- \/wp:paragraph -->\n\n<!-- wp:paragraph -->\n<p>Nous nous adressons \u00e0 : <\/p>\n<!-- \/wp:paragraph -->\n\n<!-- wp:paragraph -->\n<p>_Associations : Si vous voulez organiser un mini-tournoi ou avoir un stand fun lors de vos \u00e9v\u00e9nements<\/p>\n<!-- \/wp:paragraph -->\n\n<!-- wp:paragraph -->\n<p>_Comit\u00e9s d&rsquo;entreprise : Nous planifions avec vous un tournoi en \u00e9quipe avec des lots. Voir pour plus de pr\u00e9cisions notre site <a href=\"http:\/\/team-be.fr\">team-be.fr<\/a><\/p>\n<!-- \/wp:paragraph -->\n\n<!-- wp:paragraph -->\n<p>_\u00c9tudiants : Pour une id\u00e9e originale lors des f\u00eates \u00e9tudiantes! Nous proposons des prestations clef en main. <\/p>\n<!-- \/wp:paragraph -->\n\n<!-- wp:paragraph -->\n<p>_Particuliers : enterrement de vie de c\u00e9libataires, anniversaires, mariages ou juste pour passer une bonne apr\u00e8s-midi! En animation ou location. <\/p>\n<!-- \/wp:paragraph -->\t\t\t\t\t\t<\/div>\n\t\t\t\t<\/div>\n\t\t\t\t\t<\/div>\n\t\t\t\t<\/div>\n\t\t\t\t<\/div>\n\t\t","protected":false},"excerpt":{"rendered":"<p>Toutes nos offres pour les particuliers, associations et entreprises Animation \u00e9v\u00e9nements Ev\u00e9n\u00e9ments priv\u00e9s Anniversaires, enterrements de vie de c\u00e9libataire, mariages. Nous proposons des tournois avec des armes en mousses avec et sans couleur. Associations Nous travaillons aussi avec les associations de parents d&rsquo;\u00e9l\u00e8ves, sou des \u00e9coles et amicales la\u00efques en louant des stands ou en [&hellip;]<\/p>\n","protected":false},"author":1,"featured_media":0,"parent":0,"menu_order":0,"comment_status":"closed","ping_status":"closed","template":"","meta":{"footnotes":""},"yoast_head":"<!-- This site is optimized with the Yoast SEO plugin v23.5 - https:\/\/yoast.com\/wordpress\/plugins\/seo\/ -->\n<title>\u00c9v\u00e9nements - Battle Of Color<\/title>\n<meta name=\"description\" content=\"Une activit\u00e9 originale pour vos \u00e9v\u00e9nements ou bien pour organiser du team-building pour votre entreprise. Tournois funs assur\u00e9s.\" \/>\n<meta name=\"robots\" content=\"index, follow, max-snippet:-1, max-image-preview:large, max-video-preview:-1\" \/>\n<link rel=\"canonical\" href=\"https:\/\/battleofcolor.com\/index.php\/evenements\/\" \/>\n<meta property=\"og:locale\" content=\"fr_FR\" \/>\n<meta property=\"og:type\" content=\"article\" \/>\n<meta property=\"og:title\" content=\"\u00c9v\u00e9nements - Battle Of Color\" \/>\n<meta property=\"og:description\" content=\"Une activit\u00e9 originale pour vos \u00e9v\u00e9nements ou bien pour organiser du team-building pour votre entreprise. Tournois funs assur\u00e9s.\" \/>\n<meta property=\"og:url\" content=\"https:\/\/battleofcolor.com\/index.php\/evenements\/\" \/>\n<meta property=\"og:site_name\" content=\"Battle Of Color\" \/>\n<meta property=\"article:modified_time\" content=\"2024-01-01T17:56:01+00:00\" \/>\n<meta property=\"og:image\" content=\"https:\/\/battleofcolor.com\/wp-content\/uploads\/2022\/01\/Bataille_couleur_etudiants_feteevillage_01-1.jpg\" \/>\n<meta name=\"twitter:card\" content=\"summary_large_image\" \/>\n<meta name=\"twitter:label1\" content=\"Dur\u00e9e de lecture estim\u00e9e\" \/>\n\t<meta name=\"twitter:data1\" content=\"3 minutes\" \/>\n<script type=\"application\/ld+json\" class=\"yoast-schema-graph\">{\"@context\":\"https:\/\/schema.org\",\"@graph\":[{\"@type\":\"WebPage\",\"@id\":\"https:\/\/battleofcolor.com\/index.php\/evenements\/\",\"url\":\"https:\/\/battleofcolor.com\/index.php\/evenements\/\",\"name\":\"\u00c9v\u00e9nements - Battle Of Color\",\"isPartOf\":{\"@id\":\"https:\/\/battleofcolor.com\/#website\"},\"primaryImageOfPage\":{\"@id\":\"https:\/\/battleofcolor.com\/index.php\/evenements\/#primaryimage\"},\"image\":{\"@id\":\"https:\/\/battleofcolor.com\/index.php\/evenements\/#primaryimage\"},\"thumbnailUrl\":\"https:\/\/battleofcolor.com\/wp-content\/uploads\/2022\/01\/Bataille_couleur_etudiants_feteevillage_01-1.jpg\",\"datePublished\":\"2022-01-09T15:27:09+00:00\",\"dateModified\":\"2024-01-01T17:56:01+00:00\",\"description\":\"Une activit\u00e9 originale pour vos \u00e9v\u00e9nements ou bien pour organiser du team-building pour votre entreprise. Tournois funs assur\u00e9s.\",\"breadcrumb\":{\"@id\":\"https:\/\/battleofcolor.com\/index.php\/evenements\/#breadcrumb\"},\"inLanguage\":\"fr-FR\",\"potentialAction\":[{\"@type\":\"ReadAction\",\"target\":[\"https:\/\/battleofcolor.com\/index.php\/evenements\/\"]}]},{\"@type\":\"ImageObject\",\"inLanguage\":\"fr-FR\",\"@id\":\"https:\/\/battleofcolor.com\/index.php\/evenements\/#primaryimage\",\"url\":\"https:\/\/battleofcolor.com\/wp-content\/uploads\/2022\/01\/Bataille_couleur_etudiants_feteevillage_01-1.jpg\",\"contentUrl\":\"https:\/\/battleofcolor.com\/wp-content\/uploads\/2022\/01\/Bataille_couleur_etudiants_feteevillage_01-1.jpg\",\"width\":2048,\"height\":1152},{\"@type\":\"BreadcrumbList\",\"@id\":\"https:\/\/battleofcolor.com\/index.php\/evenements\/#breadcrumb\",\"itemListElement\":[{\"@type\":\"ListItem\",\"position\":1,\"name\":\"Accueil\",\"item\":\"https:\/\/battleofcolor.com\/\"},{\"@type\":\"ListItem\",\"position\":2,\"name\":\"\u00c9v\u00e9nements\"}]},{\"@type\":\"WebSite\",\"@id\":\"https:\/\/battleofcolor.com\/#website\",\"url\":\"https:\/\/battleofcolor.com\/\",\"name\":\"Battle Of Color\",\"description\":\"Animations pour centres de loisirs et m\u00e9di\u00e9vales\",\"publisher\":{\"@id\":\"https:\/\/battleofcolor.com\/#organization\"},\"potentialAction\":[{\"@type\":\"SearchAction\",\"target\":{\"@type\":\"EntryPoint\",\"urlTemplate\":\"https:\/\/battleofcolor.com\/?s={search_term_string}\"},\"query-input\":{\"@type\":\"PropertyValueSpecification\",\"valueRequired\":true,\"valueName\":\"search_term_string\"}}],\"inLanguage\":\"fr-FR\"},{\"@type\":\"Organization\",\"@id\":\"https:\/\/battleofcolor.com\/#organization\",\"name\":\"Battle Of Color\",\"url\":\"https:\/\/battleofcolor.com\/\",\"logo\":{\"@type\":\"ImageObject\",\"inLanguage\":\"fr-FR\",\"@id\":\"https:\/\/battleofcolor.com\/#\/schema\/logo\/image\/\",\"url\":\"https:\/\/battleofcolor.com\/wp-content\/uploads\/2017\/08\/cropped-cropped-cropped-logo.jpg\",\"contentUrl\":\"https:\/\/battleofcolor.com\/wp-content\/uploads\/2017\/08\/cropped-cropped-cropped-logo.jpg\",\"width\":200,\"height\":200,\"caption\":\"Battle Of Color\"},\"image\":{\"@id\":\"https:\/\/battleofcolor.com\/#\/schema\/logo\/image\/\"}}]}<\/script>\n<!-- \/ Yoast SEO plugin. -->","yoast_head_json":{"title":"\u00c9v\u00e9nements - Battle Of Color","description":"Une activit\u00e9 originale pour vos \u00e9v\u00e9nements ou bien pour organiser du team-building pour votre entreprise. Tournois funs assur\u00e9s.","robots":{"index":"index","follow":"follow","max-snippet":"max-snippet:-1","max-image-preview":"max-image-preview:large","max-video-preview":"max-video-preview:-1"},"canonical":"https:\/\/battleofcolor.com\/index.php\/evenements\/","og_locale":"fr_FR","og_type":"article","og_title":"\u00c9v\u00e9nements - Battle Of Color","og_description":"Une activit\u00e9 originale pour vos \u00e9v\u00e9nements ou bien pour organiser du team-building pour votre entreprise. Tournois funs assur\u00e9s.","og_url":"https:\/\/battleofcolor.com\/index.php\/evenements\/","og_site_name":"Battle Of Color","article_modified_time":"2024-01-01T17:56:01+00:00","og_image":[{"url":"https:\/\/battleofcolor.com\/wp-content\/uploads\/2022\/01\/Bataille_couleur_etudiants_feteevillage_01-1.jpg"}],"twitter_card":"summary_large_image","twitter_misc":{"Dur\u00e9e de lecture estim\u00e9e":"3 minutes"},"schema":{"@context":"https:\/\/schema.org","@graph":[{"@type":"WebPage","@id":"https:\/\/battleofcolor.com\/index.php\/evenements\/","url":"https:\/\/battleofcolor.com\/index.php\/evenements\/","name":"\u00c9v\u00e9nements - Battle Of Color","isPartOf":{"@id":"https:\/\/battleofcolor.com\/#website"},"primaryImageOfPage":{"@id":"https:\/\/battleofcolor.com\/index.php\/evenements\/#primaryimage"},"image":{"@id":"https:\/\/battleofcolor.com\/index.php\/evenements\/#primaryimage"},"thumbnailUrl":"https:\/\/battleofcolor.com\/wp-content\/uploads\/2022\/01\/Bataille_couleur_etudiants_feteevillage_01-1.jpg","datePublished":"2022-01-09T15:27:09+00:00","dateModified":"2024-01-01T17:56:01+00:00","description":"Une activit\u00e9 originale pour vos \u00e9v\u00e9nements ou bien pour organiser du team-building pour votre entreprise. Tournois funs assur\u00e9s.","breadcrumb":{"@id":"https:\/\/battleofcolor.com\/index.php\/evenements\/#breadcrumb"},"inLanguage":"fr-FR","potentialAction":[{"@type":"ReadAction","target":["https:\/\/battleofcolor.com\/index.php\/evenements\/"]}]},{"@type":"ImageObject","inLanguage":"fr-FR","@id":"https:\/\/battleofcolor.com\/index.php\/evenements\/#primaryimage","url":"https:\/\/battleofcolor.com\/wp-content\/uploads\/2022\/01\/Bataille_couleur_etudiants_feteevillage_01-1.jpg","contentUrl":"https:\/\/battleofcolor.com\/wp-content\/uploads\/2022\/01\/Bataille_couleur_etudiants_feteevillage_01-1.jpg","width":2048,"height":1152},{"@type":"BreadcrumbList","@id":"https:\/\/battleofcolor.com\/index.php\/evenements\/#breadcrumb","itemListElement":[{"@type":"ListItem","position":1,"name":"Accueil","item":"https:\/\/battleofcolor.com\/"},{"@type":"ListItem","position":2,"name":"\u00c9v\u00e9nements"}]},{"@type":"WebSite","@id":"https:\/\/battleofcolor.com\/#website","url":"https:\/\/battleofcolor.com\/","name":"Battle Of Color","description":"Animations pour centres de loisirs et m\u00e9di\u00e9vales","publisher":{"@id":"https:\/\/battleofcolor.com\/#organization"},"potentialAction":[{"@type":"SearchAction","target":{"@type":"EntryPoint","urlTemplate":"https:\/\/battleofcolor.com\/?s={search_term_string}"},"query-input":{"@type":"PropertyValueSpecification","valueRequired":true,"valueName":"search_term_string"}}],"inLanguage":"fr-FR"},{"@type":"Organization","@id":"https:\/\/battleofcolor.com\/#organization","name":"Battle Of Color","url":"https:\/\/battleofcolor.com\/","logo":{"@type":"ImageObject","inLanguage":"fr-FR","@id":"https:\/\/battleofcolor.com\/#\/schema\/logo\/image\/","url":"https:\/\/battleofcolor.com\/wp-content\/uploads\/2017\/08\/cropped-cropped-cropped-logo.jpg","contentUrl":"https:\/\/battleofcolor.com\/wp-content\/uploads\/2017\/08\/cropped-cropped-cropped-logo.jpg","width":200,"height":200,"caption":"Battle Of Color"},"image":{"@id":"https:\/\/battleofcolor.com\/#\/schema\/logo\/image\/"}}]}},"_links":{"self":[{"href":"https:\/\/battleofcolor.com\/index.php\/wp-json\/wp\/v2\/pages\/996"}],"collection":[{"href":"https:\/\/battleofcolor.com\/index.php\/wp-json\/wp\/v2\/pages"}],"about":[{"href":"https:\/\/battleofcolor.com\/index.php\/wp-json\/wp\/v2\/types\/page"}],"author":[{"embeddable":true,"href":"https:\/\/battleofcolor.com\/index.php\/wp-json\/wp\/v2\/users\/1"}],"replies":[{"embeddable":true,"href":"https:\/\/battleofcolor.com\/index.php\/wp-json\/wp\/v2\/comments?post=996"}],"version-history":[{"count":12,"href":"https:\/\/battleofcolor.com\/index.php\/wp-json\/wp\/v2\/pages\/996\/revisions"}],"predecessor-version":[{"id":1448,"href":"https:\/\/battleofcolor.com\/index.php\/wp-json\/wp\/v2\/pages\/996\/revisions\/1448"}],"wp:attachment":[{"href":"https:\/\/battleofcolor.com\/index.php\/wp-json\/wp\/v2\/media?parent=996"}],"curies":[{"name":"wp","href":"https:\/\/api.w.org\/{rel}","templated":true}]}}