{"id":881,"date":"2022-01-09T10:41:50","date_gmt":"2022-01-09T09:41:50","guid":{"rendered":"https:\/\/battleofcolor.com\/?page_id=881"},"modified":"2024-01-01T19:28:54","modified_gmt":"2024-01-01T18:28:54","slug":"a-labordage","status":"publish","type":"page","link":"https:\/\/battleofcolor.com\/index.php\/a-labordage\/","title":{"rendered":"A l&rsquo;abordage"},"content":{"rendered":"\t\t<div data-elementor-type=\"wp-page\" data-elementor-id=\"881\" class=\"elementor elementor-881\" data-elementor-post-type=\"page\">\n\t\t\t\t<div class=\"elementor-element elementor-element-601a0a4a e-con-full e-flex e-con e-parent\" data-id=\"601a0a4a\" data-element_type=\"container\" data-settings=\"{&quot;background_background&quot;:&quot;classic&quot;}\">\n\t\t<div class=\"elementor-element elementor-element-726b2b4f e-flex e-con-boxed e-con e-child\" data-id=\"726b2b4f\" data-element_type=\"container\">\n\t\t\t\t\t<div class=\"e-con-inner\">\n\t\t\t\t<div class=\"elementor-element elementor-element-6a4e06f1 animated-slow elementor-invisible elementor-widget elementor-widget-heading\" data-id=\"6a4e06f1\" data-element_type=\"widget\" data-settings=\"{&quot;_animation&quot;:&quot;slideInUp&quot;}\" data-widget_type=\"heading.default\">\n\t\t\t\t<div class=\"elementor-widget-container\">\n\t\t\t<style>\/*! elementor - v3.22.0 - 17-06-2024 *\/\n.elementor-heading-title{padding:0;margin:0;line-height:1}.elementor-widget-heading .elementor-heading-title[class*=elementor-size-]>a{color:inherit;font-size:inherit;line-height:inherit}.elementor-widget-heading .elementor-heading-title.elementor-size-small{font-size:15px}.elementor-widget-heading .elementor-heading-title.elementor-size-medium{font-size:19px}.elementor-widget-heading .elementor-heading-title.elementor-size-large{font-size:29px}.elementor-widget-heading .elementor-heading-title.elementor-size-xl{font-size:39px}.elementor-widget-heading .elementor-heading-title.elementor-size-xxl{font-size:59px}<\/style><h2 class=\"elementor-heading-title elementor-size-default\">Grands jeux autour du monde des pirates<\/h2>\t\t<\/div>\n\t\t\t\t<\/div>\n\t\t\t\t<div class=\"elementor-element elementor-element-6aeb8087 animated-slow elementor-invisible elementor-widget elementor-widget-heading\" data-id=\"6aeb8087\" data-element_type=\"widget\" data-settings=\"{&quot;_animation&quot;:&quot;slideInUp&quot;}\" data-widget_type=\"heading.default\">\n\t\t\t\t<div class=\"elementor-widget-container\">\n\t\t\t<h2 class=\"elementor-heading-title elementor-size-default\">A l'abordage!!<\/h2>\t\t<\/div>\n\t\t\t\t<\/div>\n\t\t\t\t\t<\/div>\n\t\t\t\t<\/div>\n\t\t<div class=\"elementor-element elementor-element-6d4a4d00 e-con-full e-flex e-con e-child\" data-id=\"6d4a4d00\" data-element_type=\"container\">\n\t\t<div class=\"elementor-element elementor-element-3a43c88e animated-slow e-con-full e-flex elementor-invisible e-con e-child\" data-id=\"3a43c88e\" data-element_type=\"container\" data-settings=\"{&quot;background_background&quot;:&quot;classic&quot;,&quot;animation&quot;:&quot;fadeInUp&quot;,&quot;animation_delay&quot;:600}\">\n\t\t\t\t<\/div>\n\t\t<div class=\"elementor-element elementor-element-1f13e005 e-con-full e-flex e-con e-child\" data-id=\"1f13e005\" data-element_type=\"container\">\n\t\t\t\t<div class=\"elementor-element elementor-element-117c9742 elementor-widget elementor-widget-text-editor\" data-id=\"117c9742\" data-element_type=\"widget\" data-widget_type=\"text-editor.default\">\n\t\t\t\t<div class=\"elementor-widget-container\">\n\t\t\t<style>\/*! elementor - v3.22.0 - 17-06-2024 *\/\n.elementor-widget-text-editor.elementor-drop-cap-view-stacked .elementor-drop-cap{background-color:#69727d;color:#fff}.elementor-widget-text-editor.elementor-drop-cap-view-framed .elementor-drop-cap{color:#69727d;border:3px solid;background-color:transparent}.elementor-widget-text-editor:not(.elementor-drop-cap-view-default) .elementor-drop-cap{margin-top:8px}.elementor-widget-text-editor:not(.elementor-drop-cap-view-default) .elementor-drop-cap-letter{width:1em;height:1em}.elementor-widget-text-editor .elementor-drop-cap{float:left;text-align:center;line-height:1;font-size:50px}.elementor-widget-text-editor .elementor-drop-cap-letter{display:inline-block}<\/style>\t\t\t\t<p>Les \u00e9quipages devront essayer de remplir leur coffre de tr\u00e9sors au cours des nombreux grands jeux qui pars\u00e9meront leur p\u00e9riple. Combattre des monstres marins, envoyer des bombes sur les navires adverses, tenter de faire passer en douce des pr\u00e9cieux joyaux sous le nez du gouverneur.<\/p>\t\t\t\t\t\t<\/div>\n\t\t\t\t<\/div>\n\t\t<div class=\"elementor-element elementor-element-48f42352 e-con-full e-flex e-con e-child\" data-id=\"48f42352\" data-element_type=\"container\">\n\t\t\t\t<div class=\"elementor-element elementor-element-23f44c88 elementor-widget__width-inherit elementor-widget-mobile__width-inherit elementor-icon-list--layout-traditional elementor-list-item-link-full_width elementor-widget elementor-widget-icon-list\" data-id=\"23f44c88\" data-element_type=\"widget\" data-widget_type=\"icon-list.default\">\n\t\t\t\t<div class=\"elementor-widget-container\">\n\t\t\t<link rel=\"stylesheet\" href=\"https:\/\/battleofcolor.com\/wp-content\/plugins\/elementor\/assets\/css\/widget-icon-list.min.css\">\t\t<ul class=\"elementor-icon-list-items\">\n\t\t\t\t\t\t\t<li class=\"elementor-icon-list-item\">\n\t\t\t\t\t\t\t\t\t\t\t<span class=\"elementor-icon-list-icon\">\n\t\t\t\t\t\t\t<svg aria-hidden=\"true\" class=\"e-font-icon-svg e-fas-check\" viewBox=\"0 0 512 512\" xmlns=\"http:\/\/www.w3.org\/2000\/svg\"><path d=\"M173.898 439.404l-166.4-166.4c-9.997-9.997-9.997-26.206 0-36.204l36.203-36.204c9.997-9.998 26.207-9.998 36.204 0L192 312.69 432.095 72.596c9.997-9.997 26.207-9.997 36.204 0l36.203 36.204c9.997 9.997 9.997 26.206 0 36.204l-294.4 294.401c-9.998 9.997-26.207 9.997-36.204-.001z\"><\/path><\/svg>\t\t\t\t\t\t<\/span>\n\t\t\t\t\t\t\t\t\t\t<span class=\"elementor-icon-list-text\">id\u00e9ale pour les 3-6 ans<\/span>\n\t\t\t\t\t\t\t\t\t<\/li>\n\t\t\t\t\t\t\t\t<li class=\"elementor-icon-list-item\">\n\t\t\t\t\t\t\t\t\t\t\t<span class=\"elementor-icon-list-icon\">\n\t\t\t\t\t\t\t<svg aria-hidden=\"true\" class=\"e-font-icon-svg e-fas-check\" viewBox=\"0 0 512 512\" xmlns=\"http:\/\/www.w3.org\/2000\/svg\"><path d=\"M173.898 439.404l-166.4-166.4c-9.997-9.997-9.997-26.206 0-36.204l36.203-36.204c9.997-9.998 26.207-9.998 36.204 0L192 312.69 432.095 72.596c9.997-9.997 26.207-9.997 36.204 0l36.203 36.204c9.997 9.997 9.997 26.206 0 36.204l-294.4 294.401c-9.998 9.997-26.207 9.997-36.204-.001z\"><\/path><\/svg>\t\t\t\t\t\t<\/span>\n\t\t\t\t\t\t\t\t\t\t<span class=\"elementor-icon-list-text\">de 16 \u00e0 120 participants<\/span>\n\t\t\t\t\t\t\t\t\t<\/li>\n\t\t\t\t\t\t\t\t<li class=\"elementor-icon-list-item\">\n\t\t\t\t\t\t\t\t\t\t\t<span class=\"elementor-icon-list-icon\">\n\t\t\t\t\t\t\t<svg aria-hidden=\"true\" class=\"e-font-icon-svg e-fas-check\" viewBox=\"0 0 512 512\" xmlns=\"http:\/\/www.w3.org\/2000\/svg\"><path d=\"M173.898 439.404l-166.4-166.4c-9.997-9.997-9.997-26.206 0-36.204l36.203-36.204c9.997-9.998 26.207-9.998 36.204 0L192 312.69 432.095 72.596c9.997-9.997 26.207-9.997 36.204 0l36.203 36.204c9.997 9.997 9.997 26.206 0 36.204l-294.4 294.401c-9.998 9.997-26.207 9.997-36.204-.001z\"><\/path><\/svg>\t\t\t\t\t\t<\/span>\n\t\t\t\t\t\t\t\t\t\t<span class=\"elementor-icon-list-text\">Version sc\u00e9naris\u00e9e possible<\/span>\n\t\t\t\t\t\t\t\t\t<\/li>\n\t\t\t\t\t\t<\/ul>\n\t\t\t\t<\/div>\n\t\t\t\t<\/div>\n\t\t\t\t<div class=\"elementor-element elementor-element-7ab92b6c elementor-widget__width-inherit elementor-widget-mobile__width-inherit elementor-icon-list--layout-traditional elementor-list-item-link-full_width elementor-widget elementor-widget-icon-list\" data-id=\"7ab92b6c\" data-element_type=\"widget\" data-widget_type=\"icon-list.default\">\n\t\t\t\t<div class=\"elementor-widget-container\">\n\t\t\t\t\t<ul class=\"elementor-icon-list-items\">\n\t\t\t\t\t\t\t<li class=\"elementor-icon-list-item\">\n\t\t\t\t\t\t\t\t\t\t\t<span class=\"elementor-icon-list-icon\">\n\t\t\t\t\t\t\t<svg aria-hidden=\"true\" class=\"e-font-icon-svg e-fas-check\" viewBox=\"0 0 512 512\" xmlns=\"http:\/\/www.w3.org\/2000\/svg\"><path d=\"M173.898 439.404l-166.4-166.4c-9.997-9.997-9.997-26.206 0-36.204l36.203-36.204c9.997-9.998 26.207-9.998 36.204 0L192 312.69 432.095 72.596c9.997-9.997 26.207-9.997 36.204 0l36.203 36.204c9.997 9.997 9.997 26.206 0 36.204l-294.4 294.401c-9.998 9.997-26.207 9.997-36.204-.001z\"><\/path><\/svg>\t\t\t\t\t\t<\/span>\n\t\t\t\t\t\t\t\t\t\t<span class=\"elementor-icon-list-text\">coffres au tr\u00e9sor et pi\u00e8ces d'or et d'argent<\/span>\n\t\t\t\t\t\t\t\t\t<\/li>\n\t\t\t\t\t\t\t\t<li class=\"elementor-icon-list-item\">\n\t\t\t\t\t\t\t\t\t\t\t<span class=\"elementor-icon-list-icon\">\n\t\t\t\t\t\t\t<svg aria-hidden=\"true\" class=\"e-font-icon-svg e-fas-check\" viewBox=\"0 0 512 512\" xmlns=\"http:\/\/www.w3.org\/2000\/svg\"><path d=\"M173.898 439.404l-166.4-166.4c-9.997-9.997-9.997-26.206 0-36.204l36.203-36.204c9.997-9.998 26.207-9.998 36.204 0L192 312.69 432.095 72.596c9.997-9.997 26.207-9.997 36.204 0l36.203 36.204c9.997 9.997 9.997 26.206 0 36.204l-294.4 294.401c-9.998 9.997-26.207 9.997-36.204-.001z\"><\/path><\/svg>\t\t\t\t\t\t<\/span>\n\t\t\t\t\t\t\t\t\t\t<span class=\"elementor-icon-list-text\">animateur professionnel<\/span>\n\t\t\t\t\t\t\t\t\t<\/li>\n\t\t\t\t\t\t\t\t<li class=\"elementor-icon-list-item\">\n\t\t\t\t\t\t\t\t\t\t\t<span class=\"elementor-icon-list-icon\">\n\t\t\t\t\t\t\t<svg aria-hidden=\"true\" class=\"e-font-icon-svg e-fas-check\" viewBox=\"0 0 512 512\" xmlns=\"http:\/\/www.w3.org\/2000\/svg\"><path d=\"M173.898 439.404l-166.4-166.4c-9.997-9.997-9.997-26.206 0-36.204l36.203-36.204c9.997-9.998 26.207-9.998 36.204 0L192 312.69 432.095 72.596c9.997-9.997 26.207-9.997 36.204 0l36.203 36.204c9.997 9.997 9.997 26.206 0 36.204l-294.4 294.401c-9.998 9.997-26.207 9.997-36.204-.001z\"><\/path><\/svg>\t\t\t\t\t\t<\/span>\n\t\t\t\t\t\t\t\t\t\t<span class=\"elementor-icon-list-text\">possibilit\u00e9 de r\u00e9compenses : cartes au tr\u00e9sor, pi\u00e8ces, gemmes<\/span>\n\t\t\t\t\t\t\t\t\t<\/li>\n\t\t\t\t\t\t<\/ul>\n\t\t\t\t<\/div>\n\t\t\t\t<\/div>\n\t\t\t\t<\/div>\n\t\t<div class=\"elementor-element elementor-element-38358476 e-con-full e-flex e-con e-child\" data-id=\"38358476\" data-element_type=\"container\">\n\t\t\t\t<div class=\"elementor-element elementor-element-57a17284 elementor-widget__width-initial elementor-widget-mobile__width-inherit elementor-widget elementor-widget-icon-box\" data-id=\"57a17284\" data-element_type=\"widget\" data-widget_type=\"icon-box.default\">\n\t\t\t\t<div class=\"elementor-widget-container\">\n\t\t\t<link rel=\"stylesheet\" href=\"https:\/\/battleofcolor.com\/wp-content\/plugins\/elementor\/assets\/css\/widget-icon-box.min.css\">\t\t<div class=\"elementor-icon-box-wrapper\">\n\n\t\t\t\n\t\t\t\t\t\t<div class=\"elementor-icon-box-content\">\n\n\t\t\t\t\t\t\t\t\t<h3 class=\"elementor-icon-box-title\">\n\t\t\t\t\t\t<span  >\n\t\t\t\t\t\t\tduree\t\t\t\t\t\t<\/span>\n\t\t\t\t\t<\/h3>\n\t\t\t\t\n\t\t\t\t\t\t\t\t\t<p class=\"elementor-icon-box-description\">\n\t\t\t\t\t\t1h30 \u00e0 2h00\t\t\t\t\t<\/p>\n\t\t\t\t\n\t\t\t<\/div>\n\t\t\t\n\t\t<\/div>\n\t\t\t\t<\/div>\n\t\t\t\t<\/div>\n\t\t\t\t<div class=\"elementor-element elementor-element-12c5b5aa elementor-widget__width-initial elementor-widget-mobile__width-inherit elementor-widget elementor-widget-icon-box\" data-id=\"12c5b5aa\" data-element_type=\"widget\" data-widget_type=\"icon-box.default\">\n\t\t\t\t<div class=\"elementor-widget-container\">\n\t\t\t\t\t<div class=\"elementor-icon-box-wrapper\">\n\n\t\t\t\n\t\t\t\t\t\t<div class=\"elementor-icon-box-content\">\n\n\t\t\t\t\t\t\t\t\t<h3 class=\"elementor-icon-box-title\">\n\t\t\t\t\t\t<span  >\n\t\t\t\t\t\t\tbesoins techniques\t\t\t\t\t\t<\/span>\n\t\t\t\t\t<\/h3>\n\t\t\t\t\n\t\t\t\t\t\t\t\t\t<p class=\"elementor-icon-box-description\">\n\t\t\t\t\t\tEspace plat en int\u00e9rieur ou ext\u00e9rieur. \t\t\t\t\t<\/p>\n\t\t\t\t\n\t\t\t<\/div>\n\t\t\t\n\t\t<\/div>\n\t\t\t\t<\/div>\n\t\t\t\t<\/div>\n\t\t\t\t<div class=\"elementor-element elementor-element-5ef11a4c elementor-widget__width-initial elementor-widget-mobile__width-inherit elementor-widget elementor-widget-icon-box\" data-id=\"5ef11a4c\" data-element_type=\"widget\" data-widget_type=\"icon-box.default\">\n\t\t\t\t<div class=\"elementor-widget-container\">\n\t\t\t\t\t<div class=\"elementor-icon-box-wrapper\">\n\n\t\t\t\n\t\t\t\t\t\t<div class=\"elementor-icon-box-content\">\n\n\t\t\t\t\t\t\t\t\t<h3 class=\"elementor-icon-box-title\">\n\t\t\t\t\t\t<span  >\n\t\t\t\t\t\t\tAge et nombre\t\t\t\t\t\t<\/span>\n\t\t\t\t\t<\/h3>\n\t\t\t\t\n\t\t\t\t\t\t\t\t\t<p class=\"elementor-icon-box-description\">\n\t\t\t\t\t\tSp\u00e9cialement adapt\u00e9 pour les petits avec une version sc\u00e9naris\u00e9e pour les plus grands. 120 participants max. \t\t\t\t\t<\/p>\n\t\t\t\t\n\t\t\t<\/div>\n\t\t\t\n\t\t<\/div>\n\t\t\t\t<\/div>\n\t\t\t\t<\/div>\n\t\t\t\t<\/div>\n\t\t\t\t<\/div>\n\t\t\t\t<\/div>\n\t\t\t\t<\/div>\n\t\t\t\t<\/div>\n\t\t","protected":false},"excerpt":{"rendered":"<p>Grands jeux autour du monde des pirates A l&rsquo;abordage!! Les \u00e9quipages devront essayer de remplir leur coffre de tr\u00e9sors au cours des nombreux grands jeux qui pars\u00e9meront leur p\u00e9riple. Combattre des monstres marins, envoyer des bombes sur les navires adverses, tenter de faire passer en douce des pr\u00e9cieux joyaux sous le nez du gouverneur. id\u00e9ale [&hellip;]<\/p>\n","protected":false},"author":1,"featured_media":0,"parent":0,"menu_order":0,"comment_status":"closed","ping_status":"closed","template":"","meta":{"footnotes":""},"yoast_head":"<!-- This site is optimized with the Yoast SEO plugin v23.5 - https:\/\/yoast.com\/wordpress\/plugins\/seo\/ -->\n<title>Animations pirates pour centres de loisirs - Battle Of Color<\/title>\n<meta name=\"description\" content=\"Partez \u00e0 l&#039;abordage au travers de grands jeux dans le monde des pirates. Constituez un \u00e9quipage, r\u00e9cup\u00e9rez du butin et devenez roi de Tortuga!\" \/>\n<meta name=\"robots\" content=\"index, follow, max-snippet:-1, max-image-preview:large, max-video-preview:-1\" \/>\n<link rel=\"canonical\" href=\"https:\/\/battleofcolor.com\/index.php\/a-labordage\/\" \/>\n<meta property=\"og:locale\" content=\"fr_FR\" \/>\n<meta property=\"og:type\" content=\"article\" \/>\n<meta property=\"og:title\" content=\"Animations pirates pour centres de loisirs - Battle Of Color\" \/>\n<meta property=\"og:description\" content=\"Partez \u00e0 l&#039;abordage au travers de grands jeux dans le monde des pirates. Constituez un \u00e9quipage, r\u00e9cup\u00e9rez du butin et devenez roi de Tortuga!\" \/>\n<meta property=\"og:url\" content=\"https:\/\/battleofcolor.com\/index.php\/a-labordage\/\" \/>\n<meta property=\"og:site_name\" content=\"Battle Of Color\" \/>\n<meta property=\"article:modified_time\" content=\"2024-01-01T18:28:54+00:00\" \/>\n<meta name=\"twitter:card\" content=\"summary_large_image\" \/>\n<meta name=\"twitter:label1\" content=\"Dur\u00e9e de lecture estim\u00e9e\" \/>\n\t<meta name=\"twitter:data1\" content=\"1 minute\" \/>\n<script type=\"application\/ld+json\" class=\"yoast-schema-graph\">{\"@context\":\"https:\/\/schema.org\",\"@graph\":[{\"@type\":\"WebPage\",\"@id\":\"https:\/\/battleofcolor.com\/index.php\/a-labordage\/\",\"url\":\"https:\/\/battleofcolor.com\/index.php\/a-labordage\/\",\"name\":\"Animations pirates pour centres de loisirs - Battle Of Color\",\"isPartOf\":{\"@id\":\"https:\/\/battleofcolor.com\/#website\"},\"datePublished\":\"2022-01-09T09:41:50+00:00\",\"dateModified\":\"2024-01-01T18:28:54+00:00\",\"description\":\"Partez \u00e0 l'abordage au travers de grands jeux dans le monde des pirates. Constituez un \u00e9quipage, r\u00e9cup\u00e9rez du butin et devenez roi de Tortuga!\",\"breadcrumb\":{\"@id\":\"https:\/\/battleofcolor.com\/index.php\/a-labordage\/#breadcrumb\"},\"inLanguage\":\"fr-FR\",\"potentialAction\":[{\"@type\":\"ReadAction\",\"target\":[\"https:\/\/battleofcolor.com\/index.php\/a-labordage\/\"]}]},{\"@type\":\"BreadcrumbList\",\"@id\":\"https:\/\/battleofcolor.com\/index.php\/a-labordage\/#breadcrumb\",\"itemListElement\":[{\"@type\":\"ListItem\",\"position\":1,\"name\":\"Accueil\",\"item\":\"https:\/\/battleofcolor.com\/\"},{\"@type\":\"ListItem\",\"position\":2,\"name\":\"A l&#8217;abordage\"}]},{\"@type\":\"WebSite\",\"@id\":\"https:\/\/battleofcolor.com\/#website\",\"url\":\"https:\/\/battleofcolor.com\/\",\"name\":\"Battle Of Color\",\"description\":\"Animations pour centres de loisirs et m\u00e9di\u00e9vales\",\"publisher\":{\"@id\":\"https:\/\/battleofcolor.com\/#organization\"},\"potentialAction\":[{\"@type\":\"SearchAction\",\"target\":{\"@type\":\"EntryPoint\",\"urlTemplate\":\"https:\/\/battleofcolor.com\/?s={search_term_string}\"},\"query-input\":{\"@type\":\"PropertyValueSpecification\",\"valueRequired\":true,\"valueName\":\"search_term_string\"}}],\"inLanguage\":\"fr-FR\"},{\"@type\":\"Organization\",\"@id\":\"https:\/\/battleofcolor.com\/#organization\",\"name\":\"Battle Of Color\",\"url\":\"https:\/\/battleofcolor.com\/\",\"logo\":{\"@type\":\"ImageObject\",\"inLanguage\":\"fr-FR\",\"@id\":\"https:\/\/battleofcolor.com\/#\/schema\/logo\/image\/\",\"url\":\"https:\/\/battleofcolor.com\/wp-content\/uploads\/2017\/08\/cropped-cropped-cropped-logo.jpg\",\"contentUrl\":\"https:\/\/battleofcolor.com\/wp-content\/uploads\/2017\/08\/cropped-cropped-cropped-logo.jpg\",\"width\":200,\"height\":200,\"caption\":\"Battle Of Color\"},\"image\":{\"@id\":\"https:\/\/battleofcolor.com\/#\/schema\/logo\/image\/\"}}]}<\/script>\n<!-- \/ Yoast SEO plugin. -->","yoast_head_json":{"title":"Animations pirates pour centres de loisirs - Battle Of Color","description":"Partez \u00e0 l'abordage au travers de grands jeux dans le monde des pirates. Constituez un \u00e9quipage, r\u00e9cup\u00e9rez du butin et devenez roi de Tortuga!","robots":{"index":"index","follow":"follow","max-snippet":"max-snippet:-1","max-image-preview":"max-image-preview:large","max-video-preview":"max-video-preview:-1"},"canonical":"https:\/\/battleofcolor.com\/index.php\/a-labordage\/","og_locale":"fr_FR","og_type":"article","og_title":"Animations pirates pour centres de loisirs - Battle Of Color","og_description":"Partez \u00e0 l'abordage au travers de grands jeux dans le monde des pirates. Constituez un \u00e9quipage, r\u00e9cup\u00e9rez du butin et devenez roi de Tortuga!","og_url":"https:\/\/battleofcolor.com\/index.php\/a-labordage\/","og_site_name":"Battle Of Color","article_modified_time":"2024-01-01T18:28:54+00:00","twitter_card":"summary_large_image","twitter_misc":{"Dur\u00e9e de lecture estim\u00e9e":"1 minute"},"schema":{"@context":"https:\/\/schema.org","@graph":[{"@type":"WebPage","@id":"https:\/\/battleofcolor.com\/index.php\/a-labordage\/","url":"https:\/\/battleofcolor.com\/index.php\/a-labordage\/","name":"Animations pirates pour centres de loisirs - Battle Of Color","isPartOf":{"@id":"https:\/\/battleofcolor.com\/#website"},"datePublished":"2022-01-09T09:41:50+00:00","dateModified":"2024-01-01T18:28:54+00:00","description":"Partez \u00e0 l'abordage au travers de grands jeux dans le monde des pirates. Constituez un \u00e9quipage, r\u00e9cup\u00e9rez du butin et devenez roi de Tortuga!","breadcrumb":{"@id":"https:\/\/battleofcolor.com\/index.php\/a-labordage\/#breadcrumb"},"inLanguage":"fr-FR","potentialAction":[{"@type":"ReadAction","target":["https:\/\/battleofcolor.com\/index.php\/a-labordage\/"]}]},{"@type":"BreadcrumbList","@id":"https:\/\/battleofcolor.com\/index.php\/a-labordage\/#breadcrumb","itemListElement":[{"@type":"ListItem","position":1,"name":"Accueil","item":"https:\/\/battleofcolor.com\/"},{"@type":"ListItem","position":2,"name":"A l&#8217;abordage"}]},{"@type":"WebSite","@id":"https:\/\/battleofcolor.com\/#website","url":"https:\/\/battleofcolor.com\/","name":"Battle Of Color","description":"Animations pour centres de loisirs et m\u00e9di\u00e9vales","publisher":{"@id":"https:\/\/battleofcolor.com\/#organization"},"potentialAction":[{"@type":"SearchAction","target":{"@type":"EntryPoint","urlTemplate":"https:\/\/battleofcolor.com\/?s={search_term_string}"},"query-input":{"@type":"PropertyValueSpecification","valueRequired":true,"valueName":"search_term_string"}}],"inLanguage":"fr-FR"},{"@type":"Organization","@id":"https:\/\/battleofcolor.com\/#organization","name":"Battle Of Color","url":"https:\/\/battleofcolor.com\/","logo":{"@type":"ImageObject","inLanguage":"fr-FR","@id":"https:\/\/battleofcolor.com\/#\/schema\/logo\/image\/","url":"https:\/\/battleofcolor.com\/wp-content\/uploads\/2017\/08\/cropped-cropped-cropped-logo.jpg","contentUrl":"https:\/\/battleofcolor.com\/wp-content\/uploads\/2017\/08\/cropped-cropped-cropped-logo.jpg","width":200,"height":200,"caption":"Battle Of Color"},"image":{"@id":"https:\/\/battleofcolor.com\/#\/schema\/logo\/image\/"}}]}},"_links":{"self":[{"href":"https:\/\/battleofcolor.com\/index.php\/wp-json\/wp\/v2\/pages\/881"}],"collection":[{"href":"https:\/\/battleofcolor.com\/index.php\/wp-json\/wp\/v2\/pages"}],"about":[{"href":"https:\/\/battleofcolor.com\/index.php\/wp-json\/wp\/v2\/types\/page"}],"author":[{"embeddable":true,"href":"https:\/\/battleofcolor.com\/index.php\/wp-json\/wp\/v2\/users\/1"}],"replies":[{"embeddable":true,"href":"https:\/\/battleofcolor.com\/index.php\/wp-json\/wp\/v2\/comments?post=881"}],"version-history":[{"count":5,"href":"https:\/\/battleofcolor.com\/index.php\/wp-json\/wp\/v2\/pages\/881\/revisions"}],"predecessor-version":[{"id":1462,"href":"https:\/\/battleofcolor.com\/index.php\/wp-json\/wp\/v2\/pages\/881\/revisions\/1462"}],"wp:attachment":[{"href":"https:\/\/battleofcolor.com\/index.php\/wp-json\/wp\/v2\/media?parent=881"}],"curies":[{"name":"wp","href":"https:\/\/api.w.org\/{rel}","templated":true}]}}